{"id":951,"date":"2020-01-08T16:50:57","date_gmt":"2020-01-08T15:50:57","guid":{"rendered":"https:\/\/centrevaldeloirebasketballpatrimoine.org\/?page_id=951"},"modified":"2024-11-27T17:45:20","modified_gmt":"2024-11-27T16:45:20","slug":"70-79-evenements-nationaux","status":"publish","type":"page","link":"https:\/\/centrevaldeloirebasketballpatrimoine.org\/index.php\/70-79-evenements-nationaux\/","title":{"rendered":"70-79 Ev\u00e8nements Nationaux"},"content":{"rendered":"<div id=\"mega-menu-wrap-max_mega_menu_3\" class=\"mega-menu-wrap\"><div class=\"mega-menu-toggle\"><div class=\"mega-toggle-blocks-left\"><\/div><div class=\"mega-toggle-blocks-center\"><\/div><div class=\"mega-toggle-blocks-right\"><div class='mega-toggle-block mega-menu-toggle-block mega-toggle-block-1' id='mega-toggle-block-1' tabindex='0'><button class='mega-toggle-standard mega-toggle-label' aria-expanded='false'><span class='mega-toggle-label-closed'>MENU<\/span><span class='mega-toggle-label-open'>MENU<\/span><\/button><\/div><\/div><\/div><ul id=\"mega-menu-max_mega_menu_3\" class=\"mega-menu max-mega-menu mega-menu-horizontal mega-no-js\" data-event=\"hover_intent\" data-effect=\"fade_up\" data-effect-speed=\"200\" data-effect-mobile=\"disabled\" data-effect-speed-mobile=\"0\" data-mobile-force-width=\"false\" data-second-click=\"go\" data-document-click=\"collapse\" data-vertical-behaviour=\"standard\" data-breakpoint=\"600\" data-unbind=\"true\" data-mobile-state=\"collapse_all\" data-mobile-direction=\"vertical\" data-hover-intent-timeout=\"300\" data-hover-intent-interval=\"100\"><li class=\"mega-menu-item mega-menu-item-type-post_type mega-menu-item-object-page mega-align-bottom-left mega-menu-flyout mega-menu-item-143\" id=\"mega-menu-item-143\"><a class=\"mega-menu-link\" href=\"https:\/\/centrevaldeloirebasketballpatrimoine.org\/index.php\/les-premieres-traces\/\" tabindex=\"0\">Naissance du Basketball<\/a><\/li><li class=\"mega-menu-item mega-menu-item-type-post_type mega-menu-item-object-page mega-align-bottom-left mega-menu-flyout mega-menu-item-141\" id=\"mega-menu-item-141\"><a class=\"mega-menu-link\" href=\"https:\/\/centrevaldeloirebasketballpatrimoine.org\/index.php\/les-matches-internationaux\/\" tabindex=\"0\">Ev\u00e9nements Internationaux<\/a><\/li><li class=\"mega-menu-item mega-menu-item-type-post_type mega-menu-item-object-page mega-align-bottom-left mega-menu-flyout mega-menu-item-142\" id=\"mega-menu-item-142\"><a class=\"mega-menu-link\" href=\"https:\/\/centrevaldeloirebasketballpatrimoine.org\/index.php\/les-matches-nationaux\/\" tabindex=\"0\">Ev\u00e9nements Nationaux<\/a><\/li><li class=\"mega-menu-item mega-menu-item-type-post_type mega-menu-item-object-page mega-menu-item-has-children mega-align-bottom-left mega-menu-flyout mega-menu-item-1069\" id=\"mega-menu-item-1069\"><a class=\"mega-menu-link\" href=\"https:\/\/centrevaldeloirebasketballpatrimoine.org\/index.php\/creation-des-clubs\/\" aria-expanded=\"false\" tabindex=\"0\">Cr\u00e9ations de Clubs<span class=\"mega-indicator\" aria-hidden=\"true\"><\/span><\/a>\n<ul class=\"mega-sub-menu\">\n<li class=\"mega-menu-item mega-menu-item-type-post_type mega-menu-item-object-page mega-menu-item-2562\" id=\"mega-menu-item-2562\"><a class=\"mega-menu-link\" href=\"https:\/\/centrevaldeloirebasketballpatrimoine.org\/index.php\/clubs-du-18\/\">Clubs du 18<\/a><\/li><li class=\"mega-menu-item mega-menu-item-type-post_type mega-menu-item-object-page mega-menu-item-2563\" id=\"mega-menu-item-2563\"><a class=\"mega-menu-link\" href=\"https:\/\/centrevaldeloirebasketballpatrimoine.org\/index.php\/clubs-du-28\/\">Clubs du 28<\/a><\/li><li class=\"mega-menu-item mega-menu-item-type-post_type mega-menu-item-object-page mega-menu-item-2564\" id=\"mega-menu-item-2564\"><a class=\"mega-menu-link\" href=\"https:\/\/centrevaldeloirebasketballpatrimoine.org\/index.php\/clubs-du-36\/\">Clubs du 36<\/a><\/li><li class=\"mega-menu-item mega-menu-item-type-post_type mega-menu-item-object-page mega-menu-item-2565\" id=\"mega-menu-item-2565\"><a class=\"mega-menu-link\" href=\"https:\/\/centrevaldeloirebasketballpatrimoine.org\/index.php\/clubs-du-37\/\">Clubs du 37<\/a><\/li><li class=\"mega-menu-item mega-menu-item-type-post_type mega-menu-item-object-page mega-menu-item-2566\" id=\"mega-menu-item-2566\"><a class=\"mega-menu-link\" href=\"https:\/\/centrevaldeloirebasketballpatrimoine.org\/index.php\/clubs-du-41\/\">Clubs du 41<\/a><\/li><li class=\"mega-menu-item mega-menu-item-type-post_type mega-menu-item-object-page mega-menu-item-2567\" id=\"mega-menu-item-2567\"><a class=\"mega-menu-link\" href=\"https:\/\/centrevaldeloirebasketballpatrimoine.org\/index.php\/clubs-du-45\/\">Clubs du 45<\/a><\/li><\/ul>\n<\/li><\/ul><\/div>\n\n\n<div id=\"mega-menu-wrap-max_mega_menu_7\" class=\"mega-menu-wrap\"><div class=\"mega-menu-toggle\"><div class=\"mega-toggle-blocks-left\"><\/div><div class=\"mega-toggle-blocks-center\"><\/div><div class=\"mega-toggle-blocks-right\"><div class='mega-toggle-block mega-menu-toggle-block mega-toggle-block-1' id='mega-toggle-block-1' tabindex='0'><button class='mega-toggle-standard mega-toggle-label' aria-expanded='false'><span class='mega-toggle-label-closed'>MENU<\/span><span class='mega-toggle-label-open'>MENU<\/span><\/button><\/div><\/div><\/div><ul id=\"mega-menu-max_mega_menu_7\" class=\"mega-menu max-mega-menu mega-menu-horizontal mega-no-js\" data-event=\"hover_intent\" data-effect=\"fade_up\" data-effect-speed=\"200\" data-effect-mobile=\"disabled\" data-effect-speed-mobile=\"0\" data-mobile-force-width=\"false\" data-second-click=\"go\" data-document-click=\"collapse\" data-vertical-behaviour=\"standard\" data-breakpoint=\"600\" data-unbind=\"true\" data-mobile-state=\"collapse_all\" data-mobile-direction=\"vertical\" data-hover-intent-timeout=\"300\" data-hover-intent-interval=\"100\"><li class=\"mega-menu-item mega-menu-item-type-post_type mega-menu-item-object-page mega-align-bottom-left mega-menu-flyout mega-menu-item-875\" id=\"mega-menu-item-875\"><a class=\"mega-menu-link\" href=\"https:\/\/centrevaldeloirebasketballpatrimoine.org\/index.php\/1900-1909-evenements-nationaux\/\" tabindex=\"0\">1900-1909<\/a><\/li><li class=\"mega-menu-item mega-menu-item-type-post_type mega-menu-item-object-page mega-align-bottom-left mega-menu-flyout mega-menu-item-948\" id=\"mega-menu-item-948\"><a class=\"mega-menu-link\" href=\"https:\/\/centrevaldeloirebasketballpatrimoine.org\/index.php\/10-19-evenements-nationaux\/\" tabindex=\"0\">10-19<\/a><\/li><li class=\"mega-menu-item mega-menu-item-type-post_type mega-menu-item-object-page mega-align-bottom-left mega-menu-flyout mega-menu-item-947\" id=\"mega-menu-item-947\"><a class=\"mega-menu-link\" href=\"https:\/\/centrevaldeloirebasketballpatrimoine.org\/index.php\/20-29-evenements-nationaux\/\" tabindex=\"0\">20-29<\/a><\/li><li class=\"mega-menu-item mega-menu-item-type-post_type mega-menu-item-object-page mega-align-bottom-left mega-menu-flyout mega-menu-item-946\" id=\"mega-menu-item-946\"><a class=\"mega-menu-link\" href=\"https:\/\/centrevaldeloirebasketballpatrimoine.org\/index.php\/30-39-evenements-nationaux\/\" tabindex=\"0\">30-39<\/a><\/li><li class=\"mega-menu-item mega-menu-item-type-post_type mega-menu-item-object-page mega-align-bottom-left mega-menu-flyout mega-menu-item-945\" id=\"mega-menu-item-945\"><a class=\"mega-menu-link\" href=\"https:\/\/centrevaldeloirebasketballpatrimoine.org\/index.php\/40-49-evenements-nationaux\/\" tabindex=\"0\">40-49<\/a><\/li><li class=\"mega-menu-item mega-menu-item-type-post_type mega-menu-item-object-page mega-align-bottom-left mega-menu-flyout mega-menu-item-944\" id=\"mega-menu-item-944\"><a class=\"mega-menu-link\" href=\"https:\/\/centrevaldeloirebasketballpatrimoine.org\/index.php\/50-59-evenements-nationaux\/\" tabindex=\"0\">50-59<\/a><\/li><li class=\"mega-menu-item mega-menu-item-type-post_type mega-menu-item-object-page mega-align-bottom-left mega-menu-flyout mega-menu-item-967\" id=\"mega-menu-item-967\"><a class=\"mega-menu-link\" href=\"https:\/\/centrevaldeloirebasketballpatrimoine.org\/index.php\/60-69-evenements-nationaux\/\" tabindex=\"0\">60-69<\/a><\/li><li class=\"mega-menu-item mega-menu-item-type-post_type mega-menu-item-object-page mega-align-bottom-left mega-menu-flyout mega-menu-item-966\" id=\"mega-menu-item-966\"><a class=\"mega-menu-link\" href=\"https:\/\/centrevaldeloirebasketballpatrimoine.org\/index.php\/70-79-evenements-nationaux\/\" tabindex=\"0\">70-79<\/a><\/li><li class=\"mega-menu-item mega-menu-item-type-post_type mega-menu-item-object-page mega-align-bottom-left mega-menu-flyout mega-menu-item-962\" id=\"mega-menu-item-962\"><a class=\"mega-menu-link\" href=\"https:\/\/centrevaldeloirebasketballpatrimoine.org\/index.php\/80-89-evenements-nationaux-2\/\" tabindex=\"0\">80-89<\/a><\/li><li class=\"mega-menu-item mega-menu-item-type-post_type mega-menu-item-object-page mega-align-bottom-left mega-menu-flyout mega-menu-item-965\" id=\"mega-menu-item-965\"><a class=\"mega-menu-link\" href=\"https:\/\/centrevaldeloirebasketballpatrimoine.org\/index.php\/80-89-evenements-nationaux\/\" tabindex=\"0\">90-99<\/a><\/li><li class=\"mega-menu-item mega-menu-item-type-post_type mega-menu-item-object-page mega-align-bottom-left mega-menu-flyout mega-menu-item-964\" id=\"mega-menu-item-964\"><a class=\"mega-menu-link\" href=\"https:\/\/centrevaldeloirebasketballpatrimoine.org\/index.php\/2000-2009-evenements-nationaux\/\" tabindex=\"0\">2000-2009<\/a><\/li><li class=\"mega-menu-item mega-menu-item-type-post_type mega-menu-item-object-page mega-align-bottom-left mega-menu-flyout mega-menu-item-963\" id=\"mega-menu-item-963\"><a class=\"mega-menu-link\" href=\"https:\/\/centrevaldeloirebasketballpatrimoine.org\/index.php\/2010-2019-evenements-nationaux\/\" tabindex=\"0\">2010-2019<\/a><\/li><li class=\"mega-menu-item mega-menu-item-type-post_type mega-menu-item-object-page mega-align-bottom-left mega-menu-flyout mega-menu-item-52030\" id=\"mega-menu-item-52030\"><a class=\"mega-menu-link\" href=\"https:\/\/centrevaldeloirebasketballpatrimoine.org\/index.php\/2020-2029-evenements-nationaux\/\" tabindex=\"0\">2020-2029<\/a><\/li><\/ul><\/div>\n\n\n\n<p><strong>1970<\/strong>\nFinale du Championnat de France Nationale 3 Seniors Masculin \u00e0 Tours<\/p>\n\n\n\n<p><a href=\"https:\/\/centrevaldeloirebasketballpatrimoine.org\/index.php\/2024\/10\/10\/saison-1971-1972-lequipe-de-france-militaire-simpose-face-au-cjf-les-aubrais\/\"><strong>2 D\u00e9cembre 1971<\/strong> \u00e0 Fleury les Aubrais : Equipe de France Militaire bat CJF Les Aubrais 70 \u00e0 62<\/a><\/p>\n\n\n\n<p><strong>1973\n<\/strong>Finale\ndu Championnat de France de Nationale 2 Seniors Masculins<\/p>\n\n\n\n<p><a href=\"https:\/\/centrevaldeloirebasketballpatrimoine.org\/index.php\/2024\/06\/21\/saison-1973-1974-le-6-novembre-1973-lu-s-orleans-recoit-monaco\/\"><strong>6 novembre 1973<\/strong> Palais des Sports Orl\u00e9ans : US Orl\u00e9ans contre Monaco<\/a><\/p>\n\n\n\n<p><a href=\"https:\/\/centrevaldeloirebasketballpatrimoine.org\/index.php\/2024\/06\/23\/saison-1973-1974-neuville-aux-bois-45-accueille-la-finale-de-la-coupe-de-france-juniors-masculins\/\"><strong><em>1er Mai 1974<\/em><br><\/strong>Finale de Coupe de France Juniors \u00e0 Neuville aux Bois<\/a><\/p>\n\n\n\n<p><a href=\"https:\/\/centrevaldeloirebasketballpatrimoine.org\/index.php\/2023\/11\/01\/saison-1973-74-match-amical-uso-bat-stade-francais\/\"><strong>1974 <\/strong>\u00e0 Orl\u00e9ans : US Orl\u00e9ans bat Stade Fran\u00e7ais 102-91<\/a><\/p>\n\n\n\n<p><a href=\"https:\/\/centrevaldeloirebasketballpatrimoine.org\/index.php\/2023\/11\/01\/saison-1973-74-en-amical-vichy-simpose-face-a-luso-98-a-91\/\"><strong>1974<\/strong> \u00e0 Orl\u00e9ans : Vichy bat US Orl\u00e9ans 98-91<\/a><\/p>\n\n\n\n<p><strong>1975&nbsp; <\/strong>Finale Nationale du crit\u00e9rium du Jeune Basketteur<\/p>\n\n\n\n<p><a href=\"https:\/\/centrevaldeloirebasketballpatrimoine.org\/index.php\/2023\/11\/18\/saison-1974-75-en-amical-luso-surprend-antibes\/\"><strong>1975<\/strong> \u00e0 Orl\u00e9ans : US Orl\u00e9ans-Olympique Antibes<\/a><\/p>\n\n\n\n<p><a href=\"https:\/\/centrevaldeloirebasketballpatrimoine.org\/index.php\/2023\/11\/05\/saison-1973-74-palais-des-sports-dorleans-luso-nat-2-accueille-villeurbanne-nat-1\/\"><strong>1975 <\/strong>\u00e0 Orl\u00e9ans : l&rsquo;US Orl\u00e9ans accueille Villeurbanne<\/a><\/p>\n\n\n\n<p><strong>2 Avril 1976<\/strong> Bataillon de Joinville-S\u00e9lection Orl\u00e9anaise au Palais des Sports d&rsquo;Orl\u00e9ans<\/p>\n\n\n\n<p><strong>16 Mai 1976<\/strong> Finale de la Coupe de France Cadets \u00e0 Orl\u00e9ans ASNE Joudreville bat ASPO Tours 76-69<\/p>\n\n\n\n<p><strong>23 Septembre 1976<\/strong> Alsace de Bagnolet contre US Orl\u00e9ans-Ingr\u00e9 \u00e0 Neuville aux Bois<\/p>\n\n\n\n<p><strong>22 Avril 1977<\/strong> Alsace de Bagnolet contre US Ingr\u00e9 Palais des Sports Orl\u00e9ans<\/p>\n\n\n\n<p><strong>Mai\n1978 <\/strong>\u00bd Finales et Finale du Championnat de France Corpo \u00e0\nMontargis<\/p>\n\n\n\n<p><strong>1978<\/strong>\nTournoi J. FILLON<\/p>\n\n\n\n<p><strong>16 D\u00e9cembre 1978 <\/strong>\u00e0 Blois Challenge Boutin-Desvignes : Anciens de la COMED-Anciens du PUC et CLTOrl\u00e9ans-CES Tours<\/p>\n\n\n\n<p><a href=\"https:\/\/centrevaldeloirebasketballpatrimoine.org\/index.php\/2024\/06\/17\/saison-1978-79-4\/\"><strong>7 Avril 1979<\/strong> \u00e0 Olivet Finale de Nationale 2 seniors&nbsp; masculins : Stade Fran\u00e7ais Evry \u2013 C.R.O.Lyon<\/a><\/p>\n\n\n\n<p><strong>8 Avril 1979<\/strong> \u00e0 Tours : France &#8211; Hongrie F\u00e9minin<\/p>\n\n\n\n<p><strong>1<sup>er<\/sup> D\u00e9cembre 1979<\/strong> Anciens de la COMED-Anciens du PUC : CLT Orl\u00e9ans-S\u00e9lection seniors 41,&nbsp; S\u00e9lection Cadets 41-ASPO Tours Cadets<\/p>\n","protected":false},"excerpt":{"rendered":"<p>1970 Finale du Championnat de France Nationale 3 Seniors Masculin \u00e0 Tours 2 D\u00e9cembre 1971 \u00e0 Fleury les Aubrais : Equipe de France Militaire bat CJF Les Aubrais 70 \u00e0 [&hellip;]<\/p>\n","protected":false},"author":6,"featured_media":0,"parent":0,"menu_order":0,"comment_status":"closed","ping_status":"closed","template":"","meta":{"footnotes":""},"class_list":["post-951","page","type-page","status-publish","hentry"],"yoast_head":"<!-- This site is optimized with the Yoast SEO plugin v27.5 - https:\/\/yoast.com\/product\/yoast-seo-wordpress\/ -->\n<title>70-79 Ev\u00e8nements Nationaux - patrimoine<\/title>\n<meta name=\"description\" content=\"Patrimoine historique du basket en r\u00e9gion Centre-Val de Loire.\" \/>\n<meta name=\"robots\" content=\"index, follow, max-snippet:-1, max-image-preview:large, max-video-preview:-1\" \/>\n<link rel=\"canonical\" href=\"https:\/\/centrevaldeloirebasketballpatrimoine.org\/index.php\/70-79-evenements-nationaux\/\" \/>\n<meta property=\"og:locale\" content=\"fr_FR\" \/>\n<meta property=\"og:type\" content=\"article\" \/>\n<meta property=\"og:title\" content=\"70-79 Ev\u00e8nements Nationaux - patrimoine\" \/>\n<meta property=\"og:description\" content=\"Patrimoine historique du basket en r\u00e9gion Centre-Val de Loire.\" \/>\n<meta property=\"og:url\" content=\"https:\/\/centrevaldeloirebasketballpatrimoine.org\/index.php\/70-79-evenements-nationaux\/\" \/>\n<meta property=\"article:publisher\" content=\"https:\/\/www.facebook.com\/LigueBasketCentre\" \/>\n<meta property=\"article:modified_time\" content=\"2024-11-27T16:45:20+00:00\" \/>\n<meta name=\"twitter:card\" content=\"summary_large_image\" \/>\n<meta name=\"twitter:site\" content=\"@BasketCentre\" \/>\n<meta name=\"twitter:label1\" content=\"Dur\u00e9e de lecture estim\u00e9e\" \/>\n\t<meta name=\"twitter:data1\" content=\"2 minutes\" \/>\n<script type=\"application\/ld+json\" class=\"yoast-schema-graph\">{\"@context\":\"https:\\\/\\\/schema.org\",\"@graph\":[{\"@type\":\"WebPage\",\"@id\":\"https:\\\/\\\/centrevaldeloirebasketballpatrimoine.org\\\/index.php\\\/70-79-evenements-nationaux\\\/\",\"url\":\"https:\\\/\\\/centrevaldeloirebasketballpatrimoine.org\\\/index.php\\\/70-79-evenements-nationaux\\\/\",\"name\":\"70-79 Ev\u00e8nements Nationaux - patrimoine\",\"isPartOf\":{\"@id\":\"https:\\\/\\\/centrevaldeloirebasketballpatrimoine.org\\\/#website\"},\"datePublished\":\"2020-01-08T15:50:57+00:00\",\"dateModified\":\"2024-11-27T16:45:20+00:00\",\"description\":\"Patrimoine historique du basket en r\u00e9gion Centre-Val de Loire.\",\"breadcrumb\":{\"@id\":\"https:\\\/\\\/centrevaldeloirebasketballpatrimoine.org\\\/index.php\\\/70-79-evenements-nationaux\\\/#breadcrumb\"},\"inLanguage\":\"fr-FR\",\"potentialAction\":[{\"@type\":\"ReadAction\",\"target\":[\"https:\\\/\\\/centrevaldeloirebasketballpatrimoine.org\\\/index.php\\\/70-79-evenements-nationaux\\\/\"]}]},{\"@type\":\"BreadcrumbList\",\"@id\":\"https:\\\/\\\/centrevaldeloirebasketballpatrimoine.org\\\/index.php\\\/70-79-evenements-nationaux\\\/#breadcrumb\",\"itemListElement\":[{\"@type\":\"ListItem\",\"position\":1,\"name\":\"Accueil\",\"item\":\"https:\\\/\\\/centrevaldeloirebasketballpatrimoine.org\\\/\"},{\"@type\":\"ListItem\",\"position\":2,\"name\":\"70-79 Ev\u00e8nements Nationaux\"}]},{\"@type\":\"WebSite\",\"@id\":\"https:\\\/\\\/centrevaldeloirebasketballpatrimoine.org\\\/#website\",\"url\":\"https:\\\/\\\/centrevaldeloirebasketballpatrimoine.org\\\/\",\"name\":\"\",\"description\":\"Site officiel Commission Patrimoine de la Ligue Centre-Val de Loire de BasketBall\",\"publisher\":{\"@id\":\"https:\\\/\\\/centrevaldeloirebasketballpatrimoine.org\\\/#organization\"},\"potentialAction\":[{\"@type\":\"SearchAction\",\"target\":{\"@type\":\"EntryPoint\",\"urlTemplate\":\"https:\\\/\\\/centrevaldeloirebasketballpatrimoine.org\\\/?s={search_term_string}\"},\"query-input\":{\"@type\":\"PropertyValueSpecification\",\"valueRequired\":true,\"valueName\":\"search_term_string\"}}],\"inLanguage\":\"fr-FR\"},{\"@type\":\"Organization\",\"@id\":\"https:\\\/\\\/centrevaldeloirebasketballpatrimoine.org\\\/#organization\",\"name\":\"Patrimoine Basket Ligue Centre-Val de Loire\",\"url\":\"https:\\\/\\\/centrevaldeloirebasketballpatrimoine.org\\\/\",\"logo\":{\"@type\":\"ImageObject\",\"inLanguage\":\"fr-FR\",\"@id\":\"https:\\\/\\\/centrevaldeloirebasketballpatrimoine.org\\\/#\\\/schema\\\/logo\\\/image\\\/\",\"url\":\"https:\\\/\\\/i0.wp.com\\\/centrevaldeloirebasketballpatrimoine.org\\\/wp-content\\\/uploads\\\/2019\\\/06\\\/LigueRegionale-CENTRE-VAL-DE-LOIRE-Vertical-694x1024.jpg?fit=694%2C1024&ssl=1\",\"contentUrl\":\"https:\\\/\\\/i0.wp.com\\\/centrevaldeloirebasketballpatrimoine.org\\\/wp-content\\\/uploads\\\/2019\\\/06\\\/LigueRegionale-CENTRE-VAL-DE-LOIRE-Vertical-694x1024.jpg?fit=694%2C1024&ssl=1\",\"width\":694,\"height\":1024,\"caption\":\"Patrimoine Basket Ligue Centre-Val de Loire\"},\"image\":{\"@id\":\"https:\\\/\\\/centrevaldeloirebasketballpatrimoine.org\\\/#\\\/schema\\\/logo\\\/image\\\/\"},\"sameAs\":[\"https:\\\/\\\/www.facebook.com\\\/LigueBasketCentre\",\"https:\\\/\\\/x.com\\\/BasketCentre\",\"https:\\\/\\\/www.instagram.com\\\/liguebasketcentre\\\/\",\"https:\\\/\\\/www.linkedin.com\\\/company\\\/ligue-du-centre-val-de-loire-de-basketball\"]}]}<\/script>\n<!-- \/ Yoast SEO plugin. -->","yoast_head_json":{"title":"70-79 Ev\u00e8nements Nationaux - patrimoine","description":"Patrimoine historique du basket en r\u00e9gion Centre-Val de Loire.","robots":{"index":"index","follow":"follow","max-snippet":"max-snippet:-1","max-image-preview":"max-image-preview:large","max-video-preview":"max-video-preview:-1"},"canonical":"https:\/\/centrevaldeloirebasketballpatrimoine.org\/index.php\/70-79-evenements-nationaux\/","og_locale":"fr_FR","og_type":"article","og_title":"70-79 Ev\u00e8nements Nationaux - patrimoine","og_description":"Patrimoine historique du basket en r\u00e9gion Centre-Val de Loire.","og_url":"https:\/\/centrevaldeloirebasketballpatrimoine.org\/index.php\/70-79-evenements-nationaux\/","article_publisher":"https:\/\/www.facebook.com\/LigueBasketCentre","article_modified_time":"2024-11-27T16:45:20+00:00","twitter_card":"summary_large_image","twitter_site":"@BasketCentre","twitter_misc":{"Dur\u00e9e de lecture estim\u00e9e":"2 minutes"},"schema":{"@context":"https:\/\/schema.org","@graph":[{"@type":"WebPage","@id":"https:\/\/centrevaldeloirebasketballpatrimoine.org\/index.php\/70-79-evenements-nationaux\/","url":"https:\/\/centrevaldeloirebasketballpatrimoine.org\/index.php\/70-79-evenements-nationaux\/","name":"70-79 Ev\u00e8nements Nationaux - patrimoine","isPartOf":{"@id":"https:\/\/centrevaldeloirebasketballpatrimoine.org\/#website"},"datePublished":"2020-01-08T15:50:57+00:00","dateModified":"2024-11-27T16:45:20+00:00","description":"Patrimoine historique du basket en r\u00e9gion Centre-Val de Loire.","breadcrumb":{"@id":"https:\/\/centrevaldeloirebasketballpatrimoine.org\/index.php\/70-79-evenements-nationaux\/#breadcrumb"},"inLanguage":"fr-FR","potentialAction":[{"@type":"ReadAction","target":["https:\/\/centrevaldeloirebasketballpatrimoine.org\/index.php\/70-79-evenements-nationaux\/"]}]},{"@type":"BreadcrumbList","@id":"https:\/\/centrevaldeloirebasketballpatrimoine.org\/index.php\/70-79-evenements-nationaux\/#breadcrumb","itemListElement":[{"@type":"ListItem","position":1,"name":"Accueil","item":"https:\/\/centrevaldeloirebasketballpatrimoine.org\/"},{"@type":"ListItem","position":2,"name":"70-79 Ev\u00e8nements Nationaux"}]},{"@type":"WebSite","@id":"https:\/\/centrevaldeloirebasketballpatrimoine.org\/#website","url":"https:\/\/centrevaldeloirebasketballpatrimoine.org\/","name":"","description":"Site officiel Commission Patrimoine de la Ligue Centre-Val de Loire de BasketBall","publisher":{"@id":"https:\/\/centrevaldeloirebasketballpatrimoine.org\/#organization"},"potentialAction":[{"@type":"SearchAction","target":{"@type":"EntryPoint","urlTemplate":"https:\/\/centrevaldeloirebasketballpatrimoine.org\/?s={search_term_string}"},"query-input":{"@type":"PropertyValueSpecification","valueRequired":true,"valueName":"search_term_string"}}],"inLanguage":"fr-FR"},{"@type":"Organization","@id":"https:\/\/centrevaldeloirebasketballpatrimoine.org\/#organization","name":"Patrimoine Basket Ligue Centre-Val de Loire","url":"https:\/\/centrevaldeloirebasketballpatrimoine.org\/","logo":{"@type":"ImageObject","inLanguage":"fr-FR","@id":"https:\/\/centrevaldeloirebasketballpatrimoine.org\/#\/schema\/logo\/image\/","url":"https:\/\/i0.wp.com\/centrevaldeloirebasketballpatrimoine.org\/wp-content\/uploads\/2019\/06\/LigueRegionale-CENTRE-VAL-DE-LOIRE-Vertical-694x1024.jpg?fit=694%2C1024&ssl=1","contentUrl":"https:\/\/i0.wp.com\/centrevaldeloirebasketballpatrimoine.org\/wp-content\/uploads\/2019\/06\/LigueRegionale-CENTRE-VAL-DE-LOIRE-Vertical-694x1024.jpg?fit=694%2C1024&ssl=1","width":694,"height":1024,"caption":"Patrimoine Basket Ligue Centre-Val de Loire"},"image":{"@id":"https:\/\/centrevaldeloirebasketballpatrimoine.org\/#\/schema\/logo\/image\/"},"sameAs":["https:\/\/www.facebook.com\/LigueBasketCentre","https:\/\/x.com\/BasketCentre","https:\/\/www.instagram.com\/liguebasketcentre\/","https:\/\/www.linkedin.com\/company\/ligue-du-centre-val-de-loire-de-basketball"]}]}},"_links":{"self":[{"href":"https:\/\/centrevaldeloirebasketballpatrimoine.org\/index.php\/wp-json\/wp\/v2\/pages\/951","targetHints":{"allow":["GET"]}}],"collection":[{"href":"https:\/\/centrevaldeloirebasketballpatrimoine.org\/index.php\/wp-json\/wp\/v2\/pages"}],"about":[{"href":"https:\/\/centrevaldeloirebasketballpatrimoine.org\/index.php\/wp-json\/wp\/v2\/types\/page"}],"author":[{"embeddable":true,"href":"https:\/\/centrevaldeloirebasketballpatrimoine.org\/index.php\/wp-json\/wp\/v2\/users\/6"}],"replies":[{"embeddable":true,"href":"https:\/\/centrevaldeloirebasketballpatrimoine.org\/index.php\/wp-json\/wp\/v2\/comments?post=951"}],"version-history":[{"count":0,"href":"https:\/\/centrevaldeloirebasketballpatrimoine.org\/index.php\/wp-json\/wp\/v2\/pages\/951\/revisions"}],"wp:attachment":[{"href":"https:\/\/centrevaldeloirebasketballpatrimoine.org\/index.php\/wp-json\/wp\/v2\/media?parent=951"}],"curies":[{"name":"wp","href":"https:\/\/api.w.org\/{rel}","templated":true}]}}